{"id":206,"date":"2022-04-25T18:21:47","date_gmt":"2022-04-25T16:21:47","guid":{"rendered":"https:\/\/www.blackbirdee.fr\/prod\/LALTERNATIVE\/?page_id=206"},"modified":"2024-10-07T17:21:23","modified_gmt":"2024-10-07T15:21:23","slug":"vision","status":"publish","type":"page","link":"https:\/\/www.blackbirdee.fr\/prod\/LALTERNATIVE\/vision\/","title":{"rendered":"Vision"},"content":{"rendered":"<div class=\"wpb-content-wrapper\"><p>[vc_row bg_type=\u00a0\u00bbcolor\u00a0\u00bb padding_top_multiplier=\u00a0\u00bb\u00a0\u00bb bg_color=\u00a0\u00bb#0014b8&Prime;][vc_column column_effect=\u00a0\u00bbvertical-parallax\u00a0\u00bb column_effect_limit=\u00a0\u00bb6x\u00a0\u00bb tablet_portrait_column_effect=\u00a0\u00bb\u00a0\u00bb mobile_column_effect=\u00a0\u00bb\u00a0\u00bb]<div class=\"grve-empty-space grve-height-5x noMobileSpace\" style=\"\"><\/div><h1 class=\"grve-element grve-title grve-align-center grve-leader-text titlePage\" style=\"\"><span><em>L\u2019ALTERNATIVE est une agence de communication ind\u00e9pendante<\/em><\/span><\/h1><div class=\"grve-empty-space grve-height-3x\" style=\"\"><\/div><h2 class=\"grve-element grve-title grve-align-center grve-animated-item grve-duration-fast grve-fade-in grve-h1 accrochePage\" style=\"\" data-delay=\"0\"><span>sp\u00e9cialis\u00e9e dans la conception et le d\u00e9ploiement<br \/>\nde m\u00e9caniques d\u2019activation pour les marques<br \/>\nqui souhaitent faire parler d\u2019elles<\/span><\/h2><div class=\"grve-empty-space mobileSpace1\" style=\"height: 80px;\"><\/div><div class=\"grve-element grve-single-icon grve-align-center grve-small ArrowVision\" style=\"\"><a href=\"#ourVision\">  <div class=\"grve-wrapper-icon grve-no-shape\" style=\"\"><i class=\"smp-icon-arrow-down grve-text-white\"><\/i><\/div><\/a><\/div><div class=\"grve-empty-space grve-height-3x\" style=\"\"><\/div>[\/vc_column][\/vc_row][vc_row section_type=\u00a0\u00bbfullwidth\u00a0\u00bb bg_type=\u00a0\u00bbcolor\u00a0\u00bb columns_gap=\u00a0\u00bb50&Prime; bg_color=\u00a0\u00bb#ffffff\u00a0\u00bb section_id=\u00a0\u00bbourVision\u00a0\u00bb][vc_column width=\u00a0\u00bb1\/2&Prime; el_class=\u00a0\u00bbVision-Column-Left\u00a0\u00bb]<div class=\"grve-empty-space grve-height-1x\" style=\"\"><\/div><h3 class=\"grve-element grve-title grve-align-left grve-animated-item grve-duration-normal grve-fade-in grve-h4 textVision\" style=\"\" data-delay=\"0\"><span>Nous construisons des campagnes globales \u00e0 partir d\u2019id\u00e9es disruptives toujours choisies dans une logique de diff\u00e9renciation et d\u2019efficacit\u00e9.<br>\n&nbsp;<br>\nLes Histoires que nous imaginons pour nos clients leur permettent de prendre la parole et d\u2019engager (positivement) leurs communaut\u00e9s.<br>\n&nbsp;<br>\n\u00c0 l\u2019image des artisans avec qui nous collaborons, nous mettons un point d\u2019honneur \u00e0 d\u00e9livrer des rendus dont nous sommes fiers, avec des hauts standards de qualit\u00e9 et une attention particuli\u00e8re accord\u00e9e aux d\u00e9tails.<\/span><\/h3>[\/vc_column][vc_column width=\u00a0\u00bb1\/2&Prime; el_class=\u00a0\u00bbVision-Column-Right\u00a0\u00bb]<div class=\"grve-empty-space grve-height-1x noMobileSpace\" style=\"\"><\/div><h3 class=\"grve-element grve-title grve-align-left grve-animated-item grve-duration-normal grve-fade-in grve-h4 textVision\" style=\"\" data-delay=\"200\"><span>Passionn\u00e9s par notre m\u00e9tier, nous attachons \u00e9galement une place pr\u00e9pond\u00e9rante aux relations humaines que nous d\u00e9veloppons aussi bien avec nos prestataires qu\u2019avec nos clients.<\/span><\/h3>[\/vc_column][\/vc_row][vc_row bg_type=\u00a0\u00bbcolor\u00a0\u00bb padding_top_multiplier=\u00a0\u00bb2x\u00a0\u00bb bg_color=\u00a0\u00bb#ffffff\u00a0\u00bb section_id=\u00a0\u00bbourVision\u00a0\u00bb][vc_column]<div class=\"grve-element grve-align-center grve-animated-item grve-fade-in grve-duration-normal BTNCallToAction-Vision grve-fluid-button\" data-delay=\"0\"><a href=\"https:\/\/www.blackbirdee.fr\/prod\/LALTERNATIVE\/projets\" class=\"grve-btn grve-btn-large grve-square grve-bg-primary-3 grve-bg-hover-primary-4 grve-btn-line\" style=\"max-width: 270px;\"><span>NOS PROJETS<\/span><\/a><\/div><div class=\"grve-empty-space grve-height-3x\" style=\"\"><\/div><h3 class=\"grve-element grve-title grve-align-left grve-h3 moving-text-2\" style=\"\"><span>VIDEO PRODUCTION X CONTENT CREATIVE X SOCIAL MEDIA X EVENT VIDEO PRODUCTION X CONTENT CREATIVE X SOCIAL MEDIA X EVENT VIDEO PRODUCTION X CONTENT CREATIVE X SOCIAL MEDIA X EVENT VIDEO PRODUCTION X CONTENT CREATIVE X SOCIAL MEDIA X EVENT VIDEO PRODUCTION X CONTENT CREATIVE X SOCIAL MEDIA X EVENT VIDEO PRODUCTION X CONTENT CREATIVE X SOCIAL MEDIA X EVENT VIDEO PRODUCTION X CONTENT CREATIVE X SOCIAL MEDIA X EVENT VIDEO PRODUCTION X CONTENT CREATIVE X SOCIAL MEDIA X EVENT<\/span><\/h3>[\/vc_column][\/vc_row]<\/p>\n<\/div>","protected":false},"excerpt":{"rendered":"<p>[vc_row bg_type=\u00a0\u00bbcolor\u00a0\u00bb padding_top_multiplier=\u00a0\u00bb\u00a0\u00bb bg_color=\u00a0\u00bb#0014b8&Prime;][vc_column column_effect=\u00a0\u00bbvertical-parallax\u00a0\u00bb column_effect_limit=\u00a0\u00bb6x\u00a0\u00bb tablet_portrait_column_effect=\u00a0\u00bb\u00a0\u00bb mobile_column_effect=\u00a0\u00bb\u00a0\u00bb][\/vc_column][\/vc_row][vc_row section_type=\u00a0\u00bbfullwidth\u00a0\u00bb bg_type=\u00a0\u00bbcolor\u00a0\u00bb columns_gap=\u00a0\u00bb50&Prime; bg_color=\u00a0\u00bb#ffffff\u00a0\u00bb section_id=\u00a0\u00bbourVision\u00a0\u00bb][vc_column width=\u00a0\u00bb1\/2&Prime; el_class=\u00a0\u00bbVision-Column-Left\u00a0\u00bb][\/vc_column][vc_column width=\u00a0\u00bb1\/2&Prime; el_class=\u00a0\u00bbVision-Column-Right\u00a0\u00bb][\/vc_column][\/vc_row][vc_row bg_type=\u00a0\u00bbcolor\u00a0\u00bb padding_top_multiplier=\u00a0\u00bb2x\u00a0\u00bb bg_color=\u00a0\u00bb#ffffff\u00a0\u00bb section_id=\u00a0\u00bbourVision\u00a0\u00bb][vc_column][\/vc_column][\/vc_row]<\/p>\n","protected":false},"author":5,"featured_media":0,"parent":0,"menu_order":0,"comment_status":"closed","ping_status":"closed","template":"","meta":{"footnotes":""},"class_list":["post-206","page","type-page","status-publish","hentry"],"_links":{"self":[{"href":"https:\/\/www.blackbirdee.fr\/prod\/LALTERNATIVE\/wp-json\/wp\/v2\/pages\/206","targetHints":{"allow":["GET"]}}],"collection":[{"href":"https:\/\/www.blackbirdee.fr\/prod\/LALTERNATIVE\/wp-json\/wp\/v2\/pages"}],"about":[{"href":"https:\/\/www.blackbirdee.fr\/prod\/LALTERNATIVE\/wp-json\/wp\/v2\/types\/page"}],"author":[{"embeddable":true,"href":"https:\/\/www.blackbirdee.fr\/prod\/LALTERNATIVE\/wp-json\/wp\/v2\/users\/5"}],"replies":[{"embeddable":true,"href":"https:\/\/www.blackbirdee.fr\/prod\/LALTERNATIVE\/wp-json\/wp\/v2\/comments?post=206"}],"version-history":[{"count":56,"href":"https:\/\/www.blackbirdee.fr\/prod\/LALTERNATIVE\/wp-json\/wp\/v2\/pages\/206\/revisions"}],"predecessor-version":[{"id":549,"href":"https:\/\/www.blackbirdee.fr\/prod\/LALTERNATIVE\/wp-json\/wp\/v2\/pages\/206\/revisions\/549"}],"wp:attachment":[{"href":"https:\/\/www.blackbirdee.fr\/prod\/LALTERNATIVE\/wp-json\/wp\/v2\/media?parent=206"}],"curies":[{"name":"wp","href":"https:\/\/api.w.org\/{rel}","templated":true}]}}